{"id":657,"date":"2018-11-20T10:14:29","date_gmt":"2018-11-20T10:14:29","guid":{"rendered":"http:\/\/weltladen-witzenhausen.de\/wordpress\/?page_id=657"},"modified":"2023-01-22T19:08:21","modified_gmt":"2023-01-22T18:08:21","slug":"projekte-des-vereins","status":"publish","type":"page","link":"https:\/\/weltladen-witzenhausen.de\/wordpress\/projekte-des-vereins\/","title":{"rendered":"Projekte des Vereins"},"content":{"rendered":"\n<h5 class=\"wp-block-heading\">Das Mirembe-Projekt in Kayunga, Uganda<\/h5>\n\n\n\n<figure class=\"wp-block-image\"><img loading=\"lazy\" decoding=\"async\" width=\"753\" height=\"391\" src=\"https:\/\/weltladen-witzenhausen.de\/wordpress\/wp-content\/uploads\/2019\/10\/Uganda-Reise.jpg\" alt=\"\" class=\"wp-image-1270\" srcset=\"https:\/\/weltladen-witzenhausen.de\/wordpress\/wp-content\/uploads\/2019\/10\/Uganda-Reise.jpg 753w, https:\/\/weltladen-witzenhausen.de\/wordpress\/wp-content\/uploads\/2019\/10\/Uganda-Reise-632x328.jpg 632w\" sizes=\"auto, (max-width: 753px) 100vw, 753px\" \/><\/figure>\n\n\n\n<p><\/p>\n\n\n\n<p class=\"has-text-align-right\" style=\"font-size:18px\">Witzenhausen, Januar 2023<\/p>\n\n\n\n<p style=\"font-size:18px\">Leider m\u00fcssen wir mitteilen, dass wir unsere nun 35-j\u00e4hrige Unterst\u00fctzung des Mirembe-Selfhelp-Projekts (MSHP) in Kayunga zum Jahresende 2022 eingestellt haben. Seit 2013 hatten wir bereits nur noch einen Zweig des MSHP unterst\u00fctzt, n\u00e4mlich das MVTI, auch Mirembe-Berufsschule genannt. Die Zusammenarbeit lief sehr gut, denn damals gab es einen Neuanfang mit dem Schulleiter Moses Mivule.<br>Zum Anfang des zweiten Trimesters 2022 hat Herr Mivule seinen Posten \u00fcberraschend niedergelegt und die Schule verlassen. Wir bedauern diesen Schritt au\u00dferordentlich und bedanken uns bei ihm f\u00fcr die langj\u00e4hrige vertrauensvolle Zusammenarbeit.<br>Da es sehr unklar war, ob und wie die Berufsschule fortgef\u00fchrt werden kann, haben wir uns nach langen Beratungen und einer ganzen Reihe von E-Mails mit den beteiligten Personen in Kayunga dazu entschlossen, den Vertrag mit dem MVTI nicht zu erneuern und die Unterst\u00fctzung einzustellen. Dieser Schritt ist uns nach \u00fcber drei\u00dfig Jahren des partnerschaftlichen Austauschs nicht leicht gefallen.<br>Wir denken zur\u00fcck an die Anf\u00e4nge der N\u00e4hschule und der vielf\u00e4ltigen landwirtschaftlichen Projekte, aus denen am Ende eine St\u00e4dtepartnerschaft zwischen Witzenhausen und Kayunga entstanden ist. So hoffen wir, dass die freundschaftlichen Kontakte mit den Menschen in Kayunga lebendig weiterbestehen, auch wenn es f\u00fcr das MVTI vom Arbeitskreis Eine Welt e.V. keine finanzielle Unterst\u00fctzung mehr geben wird.<br>Wir m\u00f6chten uns an dieser Stelle bei allen ganz herzlich bedanken, die dieses Ausbildungsprojekt \u00fcber lange Jahre vertrauensvoll unterst\u00fctzt haben. Durch diese Hilfe konnten in \u00fcber drei Jahrzehnten zahlreiche Sch\u00fcler*innen in unterschiedlichen Berufen ausgebildet werden. Dadurch gelang es den jungen Menschen f\u00fcr sich selbst und ihre Familien eine wirtschaftliche Grundlage zu schaffen.<br><\/p>\n\n\n\n<p><\/p>\n\n\n\n<div class=\"wp-block-columns is-layout-flex wp-container-core-columns-is-layout-9d6595d7 wp-block-columns-is-layout-flex\">\n<div class=\"wp-block-column is-layout-flow wp-block-column-is-layout-flow\">\n<p style=\"font-size:18px\"><br>Reisebericht 2019: <\/p>\n\n\n<div class=\"wp-block-image\">\n<figure class=\"alignleft size-full is-resized\"><a href=\"https:\/\/weltladen-witzenhausen.de\/wordpress\/wp-content\/uploads\/2020\/01\/Reisebericht-MVTI-2019_Text.pdf\"><img loading=\"lazy\" decoding=\"async\" src=\"https:\/\/weltladen-witzenhausen.de\/wordpress\/wp-content\/uploads\/2018\/11\/pdf.png\" alt=\"\" class=\"wp-image-658\" width=\"34\" height=\"34\"\/><\/a><\/figure><\/div><\/div>\n<\/div>\n\n\n\n<hr class=\"wp-block-separator has-css-opacity\"\/>\n\n\n\n<h5 class=\"wp-block-heading\">Das Salvador-Projekt<\/h5>\n\n\n\n<p style=\"font-size:18px\">Im Elendsviertel&nbsp; <strong>&#8222;Colonia 22 de abril&#8220;<\/strong> am Stadtrand von San Salvador&nbsp;(Mittelamerika) widmen sich die Sozialprojekte den \u00c4rmsten der Armen: Kindern, Kranken, Alten. <br>Sie umfassen: <br>Kindertagesst\u00e4tte, Vorklasse, Schule Kl. 1 bis 6, Schule unter freiem Himmel, Suppenk\u00fcchen, Basisgesundheitsstation, \u00f6kologisch bewirtschaftete Finca,&nbsp;Kunsthandwerkstatt.<br> Die Sozialprojekte werden in Eigenverantwortung \u00fcber den Verein Jean Donovan verwaltet.<\/p>\n\n\n\n<p>Spendenkonto El Salvador:<br>Arbeitskreis Eine Welt e.V.<br>Sparkasse Werra-Mei\u00dfner<br>IBAN: DE70 5225 0030 0050 0082 18 <\/p>\n\n\n\n<p style=\"font-size:14px\">Die Spenden sind steuerlich abzugsf\u00e4hig, da wir ein als gemeinn\u00fctzig anerkannter Verein sind. Eine Spendenquittung wird Ihnen im Jan\/Feb des Folgejahres automatisch zugesandt. Daf\u00fcr geben Sie bitte Ihre vollst\u00e4ndige Adresse an. <\/p>\n\n\n\n<hr class=\"wp-block-separator has-css-opacity\"\/>\n\n\n\n<h5 class=\"wp-block-heading\">Das VPP-Projekt in Nigeria <\/h5>\n\n\n\n<p style=\"font-size:18px\">Das Village Pioneer Project wurde 1985 von Olatunji Akomolafe, einem Witzenh\u00e4user Absolventen, gegr\u00fcndet. Am Rande des Dorfes Ajue im Bundesstaat Ondo gelegen, bietet es seitdem Jungendlichen und Erwachsenen Aus- und Weiterbildungsm\u00f6glichkeiten, um der Landflucht entgegenzuwirken sowie traditionelle Kultur und aktuelles Wissen miteinander zu verbinden. Im Laufe der Jahre&nbsp;entstanden u.a. ein Kulturzentrum, landwirtschaftliche Fl\u00e4chen, angepasste Tierhaltung (Kaninchen, Schweine, Fische), Trinkwasserproduktion, Anbau und Vermaktung von Heilplfanzen und eine Klinik.&nbsp; <br><a href=\"https:\/\/vpp-nigeria.org\/\" target=\"_blank\" rel=\"noreferrer noopener\" aria-label=\"https:\/\/vpp-nigeria.org\/  (\u00f6ffnet in neuem Tab)\">https:\/\/vpp-nigeria.org\/ <\/a><\/p>\n\n\n\n<p>Spendenkonto Village Pioneer Project e. V.<strong><strong><br><\/strong><\/strong>Kreissparkasse Waiblingen<br>IBAN: DE78 6025 0010 0000 1721 89<\/p>\n\n\n\n<hr class=\"wp-block-separator has-css-opacity\"\/>\n\n\n\n<h5 class=\"wp-block-heading\">Ein Kommunikationszentrum in Bolivien:<\/h5>\n\n\n\n<p style=\"font-size:18px\">Die Musikgruppe \u201e<strong>Ayopayamanta<\/strong>\u201c besucht Witzenhausen alle ein oder zwei Jahre.  Sie  bietet ein wunderbares Konzert mit bolivianischer Musik und alten  Instrumenten,&nbsp; aktuellen Infos zu Bolivien, und eine Multi-Media-Show.<br><a rel=\"noreferrer noopener\" aria-label=\"https:\/\/centroculturalayopayamanta.com\/  (\u00f6ffnet in neuem Tab)\" href=\"https:\/\/centroculturalayopayamanta.com\/\" target=\"_blank\">https:\/\/centroculturalayopayamanta.com\/ <\/a><\/p>\n","protected":false},"excerpt":{"rendered":"<p>Das Mirembe-Projekt in Kayunga, Uganda Witzenhausen, Januar 2023 Leider m\u00fcssen wir mitteilen, dass wir unsere nun 35-j\u00e4hrige Unterst\u00fctzung des Mirembe-Selfhelp-Projekts (MSHP) in Kayunga zum Jahresende 2022 eingestellt haben. Seit 2013 hatten wir bereits nur noch einen Zweig des MSHP unterst\u00fctzt,&hellip; <\/p>\n","protected":false},"author":1,"featured_media":0,"parent":0,"menu_order":0,"comment_status":"closed","ping_status":"closed","template":"","meta":{"footnotes":""},"class_list":["post-657","page","type-page","status-publish","hentry"],"_links":{"self":[{"href":"https:\/\/weltladen-witzenhausen.de\/wordpress\/wp-json\/wp\/v2\/pages\/657","targetHints":{"allow":["GET"]}}],"collection":[{"href":"https:\/\/weltladen-witzenhausen.de\/wordpress\/wp-json\/wp\/v2\/pages"}],"about":[{"href":"https:\/\/weltladen-witzenhausen.de\/wordpress\/wp-json\/wp\/v2\/types\/page"}],"author":[{"embeddable":true,"href":"https:\/\/weltladen-witzenhausen.de\/wordpress\/wp-json\/wp\/v2\/users\/1"}],"replies":[{"embeddable":true,"href":"https:\/\/weltladen-witzenhausen.de\/wordpress\/wp-json\/wp\/v2\/comments?post=657"}],"version-history":[{"count":49,"href":"https:\/\/weltladen-witzenhausen.de\/wordpress\/wp-json\/wp\/v2\/pages\/657\/revisions"}],"predecessor-version":[{"id":1747,"href":"https:\/\/weltladen-witzenhausen.de\/wordpress\/wp-json\/wp\/v2\/pages\/657\/revisions\/1747"}],"wp:attachment":[{"href":"https:\/\/weltladen-witzenhausen.de\/wordpress\/wp-json\/wp\/v2\/media?parent=657"}],"curies":[{"name":"wp","href":"https:\/\/api.w.org\/{rel}","templated":true}]}}

<h5 class="wp-block-heading">Das Mirembe-Projekt in Kayunga, Uganda</h5>



<figure class="wp-block-image"><img loading="lazy" decoding="async" width="753" height="391" src="https://weltladen-witzenhausen.de/wordpress/wp-content/uploads/2019/10/Uganda-Reise.jpg" alt="" class="wp-image-1270" srcset="https://weltladen-witzenhausen.de/wordpress/wp-content/uploads/2019/10/Uganda-Reise.jpg 753w, https://weltladen-witzenhausen.de/wordpress/wp-content/uploads/2019/10/Uganda-Reise-632x328.jpg 632w" sizes="auto, (max-width: 753px) 100vw, 753px" /></figure>



<p></p>



<p class="has-text-align-right" style="font-size:18px">Witzenhausen, Januar 2023</p>



<p style="font-size:18px">Leider müssen wir mitteilen, dass wir unsere nun 35-jährige Unterstützung des Mirembe-Selfhelp-Projekts (MSHP) in Kayunga zum Jahresende 2022 eingestellt haben. Seit 2013 hatten wir bereits nur noch einen Zweig des MSHP unterstützt, nämlich das MVTI, auch Mirembe-Berufsschule genannt. Die Zusammenarbeit lief sehr gut, denn damals gab es einen Neuanfang mit dem Schulleiter Moses Mivule.<br>Zum Anfang des zweiten Trimesters 2022 hat Herr Mivule seinen Posten überraschend niedergelegt und die Schule verlassen. Wir bedauern diesen Schritt außerordentlich und bedanken uns bei ihm für die langjährige vertrauensvolle Zusammenarbeit.<br>Da es sehr unklar war, ob und wie die Berufsschule fortgeführt werden kann, haben wir uns nach langen Beratungen und einer ganzen Reihe von E-Mails mit den beteiligten Personen in Kayunga dazu entschlossen, den Vertrag mit dem MVTI nicht zu erneuern und die Unterstützung einzustellen. Dieser Schritt ist uns nach über dreißig Jahren des partnerschaftlichen Austauschs nicht leicht gefallen.<br>Wir denken zurück an die Anfänge der Nähschule und der vielfältigen landwirtschaftlichen Projekte, aus denen am Ende eine Städtepartnerschaft zwischen Witzenhausen und Kayunga entstanden ist. So hoffen wir, dass die freundschaftlichen Kontakte mit den Menschen in Kayunga lebendig weiterbestehen, auch wenn es für das MVTI vom Arbeitskreis Eine Welt e.V. keine finanzielle Unterstützung mehr geben wird.<br>Wir möchten uns an dieser Stelle bei allen ganz herzlich bedanken, die dieses Ausbildungsprojekt über lange Jahre vertrauensvoll unterstützt haben. Durch diese Hilfe konnten in über drei Jahrzehnten zahlreiche Schüler*innen in unterschiedlichen Berufen ausgebildet werden. Dadurch gelang es den jungen Menschen für sich selbst und ihre Familien eine wirtschaftliche Grundlage zu schaffen.<br></p>



<p></p>



<div class="wp-block-columns is-layout-flex wp-container-core-columns-is-layout-9d6595d7 wp-block-columns-is-layout-flex">
<div class="wp-block-column is-layout-flow wp-block-column-is-layout-flow">
<p style="font-size:18px"><br>Reisebericht 2019: </p>


<div class="wp-block-image">
<figure class="alignleft size-full is-resized"><a href="https://weltladen-witzenhausen.de/wordpress/wp-content/uploads/2020/01/Reisebericht-MVTI-2019_Text.pdf"><img loading="lazy" decoding="async" src="https://weltladen-witzenhausen.de/wordpress/wp-content/uploads/2018/11/pdf.png" alt="" class="wp-image-658" width="34" height="34"/></a></figure></div></div>
</div>



<hr class="wp-block-separator has-css-opacity"/>



<h5 class="wp-block-heading">Das Salvador-Projekt</h5>



<p style="font-size:18px">Im Elendsviertel&nbsp; <strong>&#8222;Colonia 22 de abril&#8220;</strong> am Stadtrand von San Salvador&nbsp;(Mittelamerika) widmen sich die Sozialprojekte den Ärmsten der Armen: Kindern, Kranken, Alten. <br>Sie umfassen: <br>Kindertagesstätte, Vorklasse, Schule Kl. 1 bis 6, Schule unter freiem Himmel, Suppenküchen, Basisgesundheitsstation, ökologisch bewirtschaftete Finca,&nbsp;Kunsthandwerkstatt.<br> Die Sozialprojekte werden in Eigenverantwortung über den Verein Jean Donovan verwaltet.</p>



<p>Spendenkonto El Salvador:<br>Arbeitskreis Eine Welt e.V.<br>Sparkasse Werra-Meißner<br>IBAN: DE70 5225 0030 0050 0082 18 </p>



<p style="font-size:14px">Die Spenden sind steuerlich abzugsfähig, da wir ein als gemeinnützig anerkannter Verein sind. Eine Spendenquittung wird Ihnen im Jan/Feb des Folgejahres automatisch zugesandt. Dafür geben Sie bitte Ihre vollständige Adresse an. </p>



<hr class="wp-block-separator has-css-opacity"/>



<h5 class="wp-block-heading">Das VPP-Projekt in Nigeria </h5>



<p style="font-size:18px">Das Village Pioneer Project wurde 1985 von Olatunji Akomolafe, einem Witzenhäuser Absolventen, gegründet. Am Rande des Dorfes Ajue im Bundesstaat Ondo gelegen, bietet es seitdem Jungendlichen und Erwachsenen Aus- und Weiterbildungsmöglichkeiten, um der Landflucht entgegenzuwirken sowie traditionelle Kultur und aktuelles Wissen miteinander zu verbinden. Im Laufe der Jahre&nbsp;entstanden u.a. ein Kulturzentrum, landwirtschaftliche Flächen, angepasste Tierhaltung (Kaninchen, Schweine, Fische), Trinkwasserproduktion, Anbau und Vermaktung von Heilplfanzen und eine Klinik.&nbsp; <br><a href="https://vpp-nigeria.org/" target="_blank" rel="noreferrer noopener" aria-label="https://vpp-nigeria.org/  (öffnet in neuem Tab)">https://vpp-nigeria.org/ </a></p>



<p>Spendenkonto Village Pioneer Project e. V.<strong><strong><br></strong></strong>Kreissparkasse Waiblingen<br>IBAN: DE78 6025 0010 0000 1721 89</p>



<hr class="wp-block-separator has-css-opacity"/>



<h5 class="wp-block-heading">Ein Kommunikationszentrum in Bolivien:</h5>



<p style="font-size:18px">Die Musikgruppe „<strong>Ayopayamanta</strong>“ besucht Witzenhausen alle ein oder zwei Jahre.  Sie  bietet ein wunderbares Konzert mit bolivianischer Musik und alten  Instrumenten,&nbsp; aktuellen Infos zu Bolivien, und eine Multi-Media-Show.<br><a rel="noreferrer noopener" aria-label="https://centroculturalayopayamanta.com/  (öffnet in neuem Tab)" href="https://centroculturalayopayamanta.com/" target="_blank">https://centroculturalayopayamanta.com/ </a></p>

<p>Das Mirembe-Projekt in Kayunga, Uganda Witzenhausen, Januar 2023 Leider müssen wir mitteilen, dass wir unsere nun 35-jährige Unterstützung des Mirembe-Selfhelp-Projekts (MSHP) in Kayunga zum Jahresende 2022 eingestellt haben. Seit 2013 hatten wir bereits nur noch einen Zweig des MSHP unterstützt,&hellip; </p>
