{"id":549,"date":"2018-11-14T11:13:49","date_gmt":"2018-11-14T11:13:49","guid":{"rendered":"http:\/\/weltladen-witzenhausen.de\/wordpress\/?page_id=549"},"modified":"2025-01-09T12:52:08","modified_gmt":"2025-01-09T11:52:08","slug":"kampagnen","status":"publish","type":"page","link":"https:\/\/weltladen-witzenhausen.de\/wordpress\/kampagnen\/","title":{"rendered":"Kampagnen"},"content":{"rendered":"\n<p style=\"font-size:18px\">Die bundesweit begangene&nbsp;<a rel=\"noreferrer noopener\" href=\"http:\/\/www.faire-woche.de\/start\/?no_cache=1\" target=\"_blank\">Faire Woche<\/a>&nbsp;erstreckt sich Mitte September jeden Jahres \u00fcber 9 Tage. Wir nehmen jedes Jahr mit verschiedenen Aktionen daran teil, zum Beispiel durch Erstellung eines <a rel=\"noreferrer noopener\" href=\"http:\/\/weltladen-witzenhausen.de\/images\/PDF\/FairTradeWIZ.pdf\" target=\"_blank\">FAIRf\u00fchrers f\u00fcr Witzenhausen<\/a>, oder ein Fair-Handels-Quiz, oder einen ProduzentInnen-Besuch, oder ein faires Kaffeetrinken auf dem Marktplatz und vieles anderes mehr.<\/p>\n\n\n\n<p style=\"font-size:18px\">Der international begangene Weltladentag findet an einem Samstag Mitte Mai jeden Jahres statt. Wir nehmen daran teil, meistens mit den vom Dachverband der Weltl\u00e4den empfohlenen Aktionen.<\/p>\n\n\n\n<p style=\"font-size:18px\">Weitere lokale Aktionen sind Info- und Verkaufsst\u00e4nde bei regionalen Veranstaltungen (Weihnachts- oder Osterm\u00e4rkte, Tag der Regionen, Woche f\u00fcr Witzenhausen) sowie den Veranstaltungen des Tropengew\u00e4chshauses zu den klassischen <em>kolonialen<\/em> Produkten.<\/p>\n\n\n\n<h2 class=\"wp-block-heading\">Veranstaltungen<\/h2>\n\n\n\n<p><\/p>\n\n\n\n<p style=\"font-size:18px\">Von April bis Oktober findet, immer am letzten Dienstag im Monat von 16 bis 20 Uhr, der Witzenh\u00e4user    <br>Bio-Feierabendmarkt statt. Wir nehmen mit einem Verkaufs- und Informationsstand teil.<\/p>\n\n\n\n<p style=\"font-size:18px\">Eine langj\u00e4hrige Zusammenarbeit&nbsp;verbindet uns&nbsp;mit dem \u00f6rtlichen Capitol Kino. In jedem Jahr organisieren wir dort ein Theaterst\u00fcck oder Filme mit Filmgespr\u00e4ch oder auch eine ganze Filmreihe wie <em>Kino Global<\/em>.<\/p>\n\n\n\n<p style=\"font-size:18px\">Dar\u00fcber hinaus gibt es Themenabende im Weltladen selbst: <br>Zu L\u00e4ndern des S\u00fcdens, zu Produkten, zu Themen der Globalisierung oder zu den Projekten, die wir unterst\u00fctzen.<\/p>\n\n\n\n<p style=\"font-size:18px\">Wir freuen uns, wenn StudentInnen der \u00d6kologischen Landwirtschaft von ihren Reisen und Praktika im S\u00fcden berichten.<\/p>\n\n\n\n<figure class=\"wp-block-image is-resized\"><img loading=\"lazy\" decoding=\"async\" width=\"980\" height=\"735\" src=\"https:\/\/weltladen-witzenhausen.de\/wordpress\/wp-content\/uploads\/2018\/11\/Banana-Fairday.jpg\" alt=\"\" class=\"wp-image-537\" style=\"width:980px;height:735px\" srcset=\"https:\/\/weltladen-witzenhausen.de\/wordpress\/wp-content\/uploads\/2018\/11\/Banana-Fairday.jpg 980w, https:\/\/weltladen-witzenhausen.de\/wordpress\/wp-content\/uploads\/2018\/11\/Banana-Fairday-632x474.jpg 632w, https:\/\/weltladen-witzenhausen.de\/wordpress\/wp-content\/uploads\/2018\/11\/Banana-Fairday-768x576.jpg 768w\" sizes=\"auto, (max-width: 980px) 100vw, 980px\" \/><\/figure>\n\n\n\n<figure class=\"wp-block-image is-resized\"><img loading=\"lazy\" decoding=\"async\" width=\"980\" height=\"735\" src=\"https:\/\/weltladen-witzenhausen.de\/wordpress\/wp-content\/uploads\/2018\/11\/Banana-Fairday-2-1.jpg\" alt=\"\" class=\"wp-image-553\" style=\"width:980px;height:735px\" srcset=\"https:\/\/weltladen-witzenhausen.de\/wordpress\/wp-content\/uploads\/2018\/11\/Banana-Fairday-2-1.jpg 980w, https:\/\/weltladen-witzenhausen.de\/wordpress\/wp-content\/uploads\/2018\/11\/Banana-Fairday-2-1-632x474.jpg 632w, https:\/\/weltladen-witzenhausen.de\/wordpress\/wp-content\/uploads\/2018\/11\/Banana-Fairday-2-1-768x576.jpg 768w\" sizes=\"auto, (max-width: 980px) 100vw, 980px\" \/><\/figure>\n\n\n\n<figure class=\"wp-block-image is-resized\"><img loading=\"lazy\" decoding=\"async\" width=\"800\" height=\"599\" src=\"https:\/\/weltladen-witzenhausen.de\/wordpress\/wp-content\/uploads\/2018\/11\/TTIP-Aktion-1.jpg\" alt=\"\" class=\"wp-image-554\" style=\"width:800px;height:599px\" srcset=\"https:\/\/weltladen-witzenhausen.de\/wordpress\/wp-content\/uploads\/2018\/11\/TTIP-Aktion-1.jpg 800w, https:\/\/weltladen-witzenhausen.de\/wordpress\/wp-content\/uploads\/2018\/11\/TTIP-Aktion-1-632x473.jpg 632w, https:\/\/weltladen-witzenhausen.de\/wordpress\/wp-content\/uploads\/2018\/11\/TTIP-Aktion-1-768x575.jpg 768w\" sizes=\"auto, (max-width: 800px) 100vw, 800px\" \/><\/figure>\n","protected":false},"excerpt":{"rendered":"<p>Die bundesweit begangene&nbsp;Faire Woche&nbsp;erstreckt sich Mitte September jeden Jahres \u00fcber 9 Tage. Wir nehmen jedes Jahr mit verschiedenen Aktionen daran teil, zum Beispiel durch Erstellung eines FAIRf\u00fchrers f\u00fcr Witzenhausen, oder ein Fair-Handels-Quiz, oder einen ProduzentInnen-Besuch, oder ein faires Kaffeetrinken auf&hellip; <\/p>\n","protected":false},"author":1,"featured_media":0,"parent":0,"menu_order":0,"comment_status":"closed","ping_status":"closed","template":"","meta":{"footnotes":""},"class_list":["post-549","page","type-page","status-publish","hentry"],"_links":{"self":[{"href":"https:\/\/weltladen-witzenhausen.de\/wordpress\/wp-json\/wp\/v2\/pages\/549","targetHints":{"allow":["GET"]}}],"collection":[{"href":"https:\/\/weltladen-witzenhausen.de\/wordpress\/wp-json\/wp\/v2\/pages"}],"about":[{"href":"https:\/\/weltladen-witzenhausen.de\/wordpress\/wp-json\/wp\/v2\/types\/page"}],"author":[{"embeddable":true,"href":"https:\/\/weltladen-witzenhausen.de\/wordpress\/wp-json\/wp\/v2\/users\/1"}],"replies":[{"embeddable":true,"href":"https:\/\/weltladen-witzenhausen.de\/wordpress\/wp-json\/wp\/v2\/comments?post=549"}],"version-history":[{"count":13,"href":"https:\/\/weltladen-witzenhausen.de\/wordpress\/wp-json\/wp\/v2\/pages\/549\/revisions"}],"predecessor-version":[{"id":1848,"href":"https:\/\/weltladen-witzenhausen.de\/wordpress\/wp-json\/wp\/v2\/pages\/549\/revisions\/1848"}],"wp:attachment":[{"href":"https:\/\/weltladen-witzenhausen.de\/wordpress\/wp-json\/wp\/v2\/media?parent=549"}],"curies":[{"name":"wp","href":"https:\/\/api.w.org\/{rel}","templated":true}]}}