{"id":331,"date":"2018-11-06T18:12:45","date_gmt":"2018-11-06T18:12:45","guid":{"rendered":"http:\/\/weltladen-witzenhausen.de\/wordpress\/?page_id=331"},"modified":"2021-12-12T19:49:35","modified_gmt":"2021-12-12T18:49:35","slug":"handelspartner","status":"publish","type":"page","link":"https:\/\/weltladen-witzenhausen.de\/wordpress\/handelspartner\/","title":{"rendered":"Handelspartner"},"content":{"rendered":"\n<h4 class=\"wp-block-heading\"><strong>Woher bekommen wir unsere Ware?<\/strong><\/h4>\n\n\n\n<p style=\"font-size:18px\">Wir beziehen unsere Produkte \u00fcberwiegend von den \u00e4ltesten und gr\u00f6\u00dften Importgesellschaften.<\/p>\n\n\n\n<hr class=\"wp-block-separator\"\/>\n\n\n\n<div class=\"wp-block-columns has-2-columns is-layout-flex wp-container-core-columns-is-layout-9d6595d7 wp-block-columns-is-layout-flex\">\n<div class=\"wp-block-column is-layout-flow wp-block-column-is-layout-flow\">\n<div class=\"wp-block-image\"><figure class=\"aligncenter is-resized\"><img loading=\"lazy\" decoding=\"async\" src=\"https:\/\/weltladen-witzenhausen.de\/wordpress\/wp-content\/uploads\/2018\/11\/Gepa.png\" alt=\"https:\/\/www.gepa.de\/home.html\" class=\"wp-image-332\" width=\"106\" height=\"129\"\/><figcaption><a href=\"https:\/\/www.gepa.de\/home.html\" target=\"_blank\" rel=\"noreferrer noopener\">GEPA<\/a><\/figcaption><\/figure><\/div>\n<\/div>\n\n\n\n<div class=\"wp-block-column is-layout-flow wp-block-column-is-layout-flow\">\n<div class=\"wp-block-image\"><figure class=\"aligncenter is-resized\"><img loading=\"lazy\" decoding=\"async\" src=\"https:\/\/weltladen-witzenhausen.de\/wordpress\/wp-content\/uploads\/2018\/11\/Logo_El_Puente.jpg\" alt=\"\" class=\"wp-image-365\" width=\"141\" height=\"118\" srcset=\"https:\/\/weltladen-witzenhausen.de\/wordpress\/wp-content\/uploads\/2018\/11\/Logo_El_Puente.jpg 1087w, https:\/\/weltladen-witzenhausen.de\/wordpress\/wp-content\/uploads\/2018\/11\/Logo_El_Puente-632x529.jpg 632w, https:\/\/weltladen-witzenhausen.de\/wordpress\/wp-content\/uploads\/2018\/11\/Logo_El_Puente-768x642.jpg 768w, https:\/\/weltladen-witzenhausen.de\/wordpress\/wp-content\/uploads\/2018\/11\/Logo_El_Puente-1020x853.jpg 1020w\" sizes=\"auto, (max-width: 141px) 100vw, 141px\" \/><figcaption><a href=\"https:\/\/www.el-puente.de\/\" target=\"_blank\" rel=\"noreferrer noopener\">EL PUENTE<\/a><\/figcaption><\/figure><\/div>\n<\/div>\n<\/div>\n\n\n\n<div class=\"wp-block-columns has-2-columns is-layout-flex wp-container-core-columns-is-layout-9d6595d7 wp-block-columns-is-layout-flex\">\n<div class=\"wp-block-column is-layout-flow wp-block-column-is-layout-flow\">\n<div class=\"wp-block-image\"><figure class=\"aligncenter is-resized\"><img loading=\"lazy\" decoding=\"async\" src=\"https:\/\/weltladen-witzenhausen.de\/wordpress\/wp-content\/uploads\/2018\/11\/weltpartner_full.png\" alt=\"\" class=\"wp-image-363\" width=\"195\" height=\"130\"\/><figcaption><a href=\"https:\/\/www.weltpartner.de\/de\" target=\"_blank\" rel=\"noreferrer noopener\">WELTPARTNER <\/a><\/figcaption><\/figure><\/div>\n<\/div>\n\n\n\n<div class=\"wp-block-column is-layout-flow wp-block-column-is-layout-flow\">\n<div class=\"wp-block-image\"><figure class=\"aligncenter is-resized\"><img loading=\"lazy\" decoding=\"async\" src=\"https:\/\/weltladen-witzenhausen.de\/wordpress\/wp-content\/uploads\/2018\/11\/globo.png\" alt=\"\" class=\"wp-image-341\" width=\"182\" height=\"96\"\/><figcaption><br><a href=\"https:\/\/www.el-puente.de\/\" target=\"_blank\" rel=\"noreferrer noopener\">GLOBO<\/a> <\/figcaption><\/figure><\/div>\n<\/div>\n<\/div>\n\n\n\n<div class=\"wp-block-image\"><figure class=\"aligncenter\"><img loading=\"lazy\" decoding=\"async\" width=\"223\" height=\"151\" src=\"https:\/\/weltladen-witzenhausen.de\/wordpress\/wp-content\/uploads\/2018\/11\/BanaFair-Logo.png\" alt=\"\" class=\"wp-image-372\"\/><figcaption><a href=\"https:\/\/www.banafair.de\/\" target=\"_blank\" rel=\"noreferrer noopener\">BANAFAIR<\/a><\/figcaption><\/figure><\/div>\n\n\n\n<hr class=\"wp-block-separator\"\/>\n\n\n\n<div class=\"wp-block-button aligncenter\"><a class=\"wp-block-button__link\" href=\"https:\/\/weltladen-witzenhausen.de\/wordpress\/labels\/\">MEHR<\/a><\/div>\n\n\n\n<p><\/p>\n","protected":false},"excerpt":{"rendered":"<p>Woher bekommen wir unsere Ware? Wir beziehen unsere Produkte \u00fcberwiegend von den \u00e4ltesten und gr\u00f6\u00dften Importgesellschaften.<\/p>\n","protected":false},"author":1,"featured_media":0,"parent":0,"menu_order":0,"comment_status":"closed","ping_status":"closed","template":"","meta":{"footnotes":""},"class_list":["post-331","page","type-page","status-publish","hentry"],"_links":{"self":[{"href":"https:\/\/weltladen-witzenhausen.de\/wordpress\/wp-json\/wp\/v2\/pages\/331","targetHints":{"allow":["GET"]}}],"collection":[{"href":"https:\/\/weltladen-witzenhausen.de\/wordpress\/wp-json\/wp\/v2\/pages"}],"about":[{"href":"https:\/\/weltladen-witzenhausen.de\/wordpress\/wp-json\/wp\/v2\/types\/page"}],"author":[{"embeddable":true,"href":"https:\/\/weltladen-witzenhausen.de\/wordpress\/wp-json\/wp\/v2\/users\/1"}],"replies":[{"embeddable":true,"href":"https:\/\/weltladen-witzenhausen.de\/wordpress\/wp-json\/wp\/v2\/comments?post=331"}],"version-history":[{"count":27,"href":"https:\/\/weltladen-witzenhausen.de\/wordpress\/wp-json\/wp\/v2\/pages\/331\/revisions"}],"predecessor-version":[{"id":1635,"href":"https:\/\/weltladen-witzenhausen.de\/wordpress\/wp-json\/wp\/v2\/pages\/331\/revisions\/1635"}],"wp:attachment":[{"href":"https:\/\/weltladen-witzenhausen.de\/wordpress\/wp-json\/wp\/v2\/media?parent=331"}],"curies":[{"name":"wp","href":"https:\/\/api.w.org\/{rel}","templated":true}]}}