{"id":253,"date":"2018-11-03T22:06:21","date_gmt":"2018-11-03T22:06:21","guid":{"rendered":"http:\/\/weltladen-witzenhausen.de\/wordpress\/?page_id=253"},"modified":"2026-02-08T18:40:28","modified_gmt":"2026-02-08T17:40:28","slug":"das-team","status":"publish","type":"page","link":"https:\/\/weltladen-witzenhausen.de\/wordpress\/das-team\/","title":{"rendered":"Das Team"},"content":{"rendered":"\n<p style=\"font-size:18px\">Das Weltladenteam besteht&nbsp;zur Zeit&nbsp;aus vierundzwanzig Mitgliedern. Zehn MitarbeiterInnen versehen den Ladendienst, je eine Schicht von drei&nbsp;oder vier Stunden, dazu kommen ca. drei &#8218;SpringerInnen&#8216; f\u00fcr Vertretungen. Drei Mitarbeiterinnen sind in der Bildungsarbeit aktiv, drei organisieren Veranstaltungen und drei k\u00fcmmern sich um \u00d6ffentlichkeitsarbeit. Die anderen sind in der Hintergrundarbeit (Buchf\u00fchrung, Rechnungswesen, Finanzen, Reparaturen) t\u00e4tig.<\/p>\n\n\n\n<p style=\"font-size:18px\">Es bestehen unregelm\u00e4\u00dfig tagende Arbeitsgruppen zu den Themen Einkauf, Bildungsarbeit und \u00d6ffentlichkeitsarbeit.&nbsp;<\/p>\n\n\n\n<p style=\"font-size:18px\">Au\u00dfer dem Eink\u00e4ufer, der einen 400-Euro-Job hat, arbeiten alle MitarbeiterInnen ehrenamtlich. <\/p>\n\n\n\n<p style=\"font-size:18px\">Eine Raumpflegerin kann ebenfalls bezahlt werden.&nbsp;Fortbildungen werden intern organisiert, z.B. durch einen Ladenteamtag im Jahr, aber auch durch die Angebote der Weltladen-Szene.&nbsp;<\/p>\n\n\n\n<p style=\"font-size:18px\">Jeden ersten Mittwochabend im Monat um 18.00 Uhr findet ein Plenum statt, zu dem alle MitarbeiterInnen und Arbeitsgruppen sowie die Vereinsmitglieder eingeladen sind.\u00a0<\/p>\n\n\n\n<p class=\"has-text-align-center\" style=\"font-size:18px\"><strong>Neue MitarbeiterInnen sind jederzeit willkommen!<\/strong><\/p>\n\n\n<div class=\"wp-block-image\">\n<figure class=\"aligncenter\"><img loading=\"lazy\" decoding=\"async\" width=\"870\" height=\"650\" src=\"https:\/\/weltladen-witzenhausen.de\/wordpress\/wp-content\/uploads\/2018\/11\/Plenum-03-02-16.jpg\" alt=\"\" class=\"wp-image-254\" srcset=\"https:\/\/weltladen-witzenhausen.de\/wordpress\/wp-content\/uploads\/2018\/11\/Plenum-03-02-16.jpg 870w, https:\/\/weltladen-witzenhausen.de\/wordpress\/wp-content\/uploads\/2018\/11\/Plenum-03-02-16-300x224.jpg 300w, https:\/\/weltladen-witzenhausen.de\/wordpress\/wp-content\/uploads\/2018\/11\/Plenum-03-02-16-768x574.jpg 768w\" sizes=\"auto, (max-width: 870px) 100vw, 870px\" \/><\/figure><\/div>\n\n\n<p class=\"has-text-align-center has-normal-font-size\">Das Team beim Plenum<\/p>\n","protected":false},"excerpt":{"rendered":"<p>Das Weltladenteam besteht&nbsp;zur Zeit&nbsp;aus vierundzwanzig Mitgliedern. Zehn MitarbeiterInnen versehen den Ladendienst, je eine Schicht von drei&nbsp;oder vier Stunden, dazu kommen ca. drei &#8218;SpringerInnen&#8216; f\u00fcr Vertretungen. Drei Mitarbeiterinnen sind in der Bildungsarbeit aktiv, drei organisieren Veranstaltungen und drei k\u00fcmmern sich um&hellip; <\/p>\n","protected":false},"author":1,"featured_media":0,"parent":0,"menu_order":0,"comment_status":"closed","ping_status":"closed","template":"","meta":{"footnotes":""},"class_list":["post-253","page","type-page","status-publish","hentry"],"_links":{"self":[{"href":"https:\/\/weltladen-witzenhausen.de\/wordpress\/wp-json\/wp\/v2\/pages\/253","targetHints":{"allow":["GET"]}}],"collection":[{"href":"https:\/\/weltladen-witzenhausen.de\/wordpress\/wp-json\/wp\/v2\/pages"}],"about":[{"href":"https:\/\/weltladen-witzenhausen.de\/wordpress\/wp-json\/wp\/v2\/types\/page"}],"author":[{"embeddable":true,"href":"https:\/\/weltladen-witzenhausen.de\/wordpress\/wp-json\/wp\/v2\/users\/1"}],"replies":[{"embeddable":true,"href":"https:\/\/weltladen-witzenhausen.de\/wordpress\/wp-json\/wp\/v2\/comments?post=253"}],"version-history":[{"count":11,"href":"https:\/\/weltladen-witzenhausen.de\/wordpress\/wp-json\/wp\/v2\/pages\/253\/revisions"}],"predecessor-version":[{"id":1855,"href":"https:\/\/weltladen-witzenhausen.de\/wordpress\/wp-json\/wp\/v2\/pages\/253\/revisions\/1855"}],"wp:attachment":[{"href":"https:\/\/weltladen-witzenhausen.de\/wordpress\/wp-json\/wp\/v2\/media?parent=253"}],"curies":[{"name":"wp","href":"https:\/\/api.w.org\/{rel}","templated":true}]}}

<p style="font-size:18px">Das Weltladenteam besteht&nbsp;zur Zeit&nbsp;aus vierundzwanzig Mitgliedern. Zehn MitarbeiterInnen versehen den Ladendienst, je eine Schicht von drei&nbsp;oder vier Stunden, dazu kommen ca. drei &#8218;SpringerInnen&#8216; für Vertretungen. Drei Mitarbeiterinnen sind in der Bildungsarbeit aktiv, drei organisieren Veranstaltungen und drei kümmern sich um Öffentlichkeitsarbeit. Die anderen sind in der Hintergrundarbeit (Buchführung, Rechnungswesen, Finanzen, Reparaturen) tätig.</p>



<p style="font-size:18px">Es bestehen unregelmäßig tagende Arbeitsgruppen zu den Themen Einkauf, Bildungsarbeit und Öffentlichkeitsarbeit.&nbsp;</p>



<p style="font-size:18px">Außer dem Einkäufer, der einen 400-Euro-Job hat, arbeiten alle MitarbeiterInnen ehrenamtlich. </p>



<p style="font-size:18px">Eine Raumpflegerin kann ebenfalls bezahlt werden.&nbsp;Fortbildungen werden intern organisiert, z.B. durch einen Ladenteamtag im Jahr, aber auch durch die Angebote der Weltladen-Szene.&nbsp;</p>



<p style="font-size:18px">Jeden ersten Mittwochabend im Monat um 18.00 Uhr findet ein Plenum statt, zu dem alle MitarbeiterInnen und Arbeitsgruppen sowie die Vereinsmitglieder eingeladen sind. </p>



<p class="has-text-align-center" style="font-size:18px"><strong>Neue MitarbeiterInnen sind jederzeit willkommen!</strong></p>


<div class="wp-block-image">
<figure class="aligncenter"><img loading="lazy" decoding="async" width="870" height="650" src="https://weltladen-witzenhausen.de/wordpress/wp-content/uploads/2018/11/Plenum-03-02-16.jpg" alt="" class="wp-image-254" srcset="https://weltladen-witzenhausen.de/wordpress/wp-content/uploads/2018/11/Plenum-03-02-16.jpg 870w, https://weltladen-witzenhausen.de/wordpress/wp-content/uploads/2018/11/Plenum-03-02-16-300x224.jpg 300w, https://weltladen-witzenhausen.de/wordpress/wp-content/uploads/2018/11/Plenum-03-02-16-768x574.jpg 768w" sizes="auto, (max-width: 870px) 100vw, 870px" /></figure></div>


<p class="has-text-align-center has-normal-font-size">Das Team beim Plenum</p>

<p>Das Weltladenteam besteht&nbsp;zur Zeit&nbsp;aus vierundzwanzig Mitgliedern. Zehn MitarbeiterInnen versehen den Ladendienst, je eine Schicht von drei&nbsp;oder vier Stunden, dazu kommen ca. drei &#8218;SpringerInnen&#8216; für Vertretungen. Drei Mitarbeiterinnen sind in der Bildungsarbeit aktiv, drei organisieren Veranstaltungen und drei kümmern sich um&hellip; </p>
